
Calculate the highest common divisor of 56 and 300928552.
8
Calculate the greatest common divisor of 32 and 487142224.
16
Calculate the highest common factor of 186407852 and 16.
4
What is the greatest common divisor of 1511112 and 8058?
474
What is the greatest common divisor of 21 and 148858059?
21
What is the highest common factor of 47228 and 74?
2
Calculate the highest common factor of 2821125104 and 232.
232
What is the greatest common factor of 25789080 and 9120?
2280
What is the highest common divisor of 79 and 388475627?
79
What is the greatest common divisor of 1292 and 2859400?
68
What is the greatest common factor of 333 and 165512211?
111
What is the highest common factor of 535612 and 2551912?
2068
Calculate the highest common factor of 156 and 7906260.
12
Calculate the highest common factor of 211640 and 16107.
13
What is the highest common divisor of 103804694 and 98?
14
What is the greatest common factor of 204611 and 7315?
209
What is the highest common factor of 1389445232 and 2192?
2192
Calculate the greatest common factor of 3582 and 5281062.
1194
What is the greatest common divisor of 3536777 and 135488?
73
What is the greatest common factor of 7803845 and 35?
35
What is the greatest common factor of 1078721 and 194212?
2111
Calculate the greatest common divisor of 7938 and 141993.
81
Calculate the greatest common divisor of 49408 and 93798.
386
Calculate the highest common factor of 82 and 118195784.
82
What is the greatest common divisor of 357658 and 5546?
118
What is the highest common factor of 154770 and 116178?
402
What is the greatest common factor of 48 and 7399326?
6
Calculate the highest common factor of 930 and 5438950.
310
Calculate the highest common factor of 10656135 and 2835.
315
What is the greatest common factor of 120 and 1302010?
10
Calculate the highest common divisor of 4830 and 1680221760.
4830
What is the greatest common factor of 553901565 and 3570?
1785
What is the highest common divisor of 254793 and 2409?
33
What is the greatest common factor of 34121055 and 1425?
285
Calculate the greatest common divisor of 2850 and 3481350.
150
What is the greatest common factor of 703380 and 1425?
285
Calculate the greatest common factor of 1187345 and 1971.
73
What is the greatest common factor of 255774 and 182454?
282
Calculate the greatest common factor of 26 and 33102407.
13
Calculate the greatest common factor of 113 and 9368039.
113
What is the highest common factor of 400408 and 56?
8
Calculate the highest common divisor of 840 and 28537530.
210
What is the greatest common divisor of 99816616 and 8?
8
What is the highest common factor of 57525 and 3009?
177
Calculate the greatest common factor of 21235 and 418345.
155
Calculate the greatest common divisor of 10 and 467892760.
10
What is the greatest common factor of 290 and 163602485?
145
Calculate the greatest common divisor of 650 and 8326435.
65
What is the highest common divisor of 37490 and 26775358?
7498
Calculate the highest common divisor of 67206 and 2967.
69
What is the highest common divisor of 203067 and 5103?
81
What is the greatest common factor of 283968 and 16728?
408
Calculate the highest common divisor of 60 and 198096.
12
What is the highest common divisor of 257794212 and 2392?
1196
Calculate the greatest common divisor of 23105013 and 186.
93
What is the greatest common factor of 7413 and 63349733?
353
Calculate the greatest common divisor of 1266 and 188931510.
1266
Calculate the highest common factor of 391604460 and 180.
60
What is the greatest common divisor of 159464 and 160?
8
What is the highest common factor of 13454 and 17724994?
434
Calculate the greatest common factor of 30218520 and 1122.
102
What is the greatest common factor of 96776822 and 12286?
12286
What is the greatest common factor of 402470 and 59786?
334
What is the highest common factor of 5718956 and 4596?
1532
What is the greatest common divisor of 666 and 1650126?
222
Calculate the highest common divisor of 120756 and 64061.
29
What is the greatest common divisor of 8921220 and 33?
33
Calculate the highest common factor of 442 and 288274389.
221
What is the greatest common divisor of 16779 and 2048109?
357
What is the greatest common divisor of 1393259 and 21?
7
Calculate the greatest common factor of 1936402 and 34.
34
Calculate the highest common divisor of 191118337 and 454.
227
What is the greatest common divisor of 58950152 and 49113?
1819
Calculate the highest common divisor of 2088 and 9026136.
72
What is the highest common factor of 37711 and 50333661?
877
Calculate the greatest common divisor of 1323669270 and 231.
231
Calculate the highest common divisor of 112 and 5154751.
7
What is the greatest common divisor of 90755 and 10115?
35
Calculate the highest common factor of 342 and 514008216.
342
What is the greatest common divisor of 8595 and 3673885?
955
What is the greatest common divisor of 11685960 and 954720?
4680
What is the highest common factor of 240 and 2186328?
24
Calculate the greatest common divisor of 684 and 2338389090.
342
What is the highest common factor of 15281378 and 28?
14
What is the highest common factor of 1936803 and 49533?
627
What is the greatest common divisor of 1702 and 539304?
46
What is the greatest common factor of 6318224 and 4972?
44
Calculate the highest common divisor of 131666612 and 2156.
308
Calculate the highest common divisor of 7595 and 4045097.
1519
Calculate the highest common factor of 14887063 and 87.
29
What is the greatest common divisor of 5390778 and 7458?
678
Calculate the greatest common divisor of 707406 and 2793.
21
Calculate the highest common divisor of 98 and 116066104.
98
What is the highest common divisor of 614265402 and 19?
19
Calculate the highest common factor of 88 and 715748.
44
Calculate the greatest common divisor of 126806 and 1229010.
142
What is the greatest common factor of 72186510 and 126730?
5510
What is the highest common factor of 216106 and 2216236?
4598
What is the highest common divisor of 790 and 64992905?
395
What is the greatest common factor of 2586956 and 284?
284
Calculate the greatest common divisor of 15711795 and 1738.
11
Calculate the highest common divisor of 289256 and 92.
4
What is the highest common factor of 119889 and 47575?
1903
What is the highest common divisor of 75685984 and 124390?
3554
What is the highest common factor of 42372 and 1933276?
428
Calculate the greatest common factor of 3 and 7974567.
3
What is the highest common factor of 1182 and 2304112?
394
What is the greatest common factor of 292 and 37647706?
146
Calculate the highest common factor of 110 and 24294215.
55
What is the highest common divisor of 880311984 and 328?
328
What is the highest common factor of 252 and 8177526?
126
Calculate the greatest common factor of 738544160 and 32.
32
Calculate the greatest common divisor of 703752 and 2184.
168
Calculate the highest common factor of 64397376 and 224.
32
What is the greatest common factor of 88 and 1271435?
11
What is the greatest common divisor of 58345 and 8155?
35
What is the greatest common divisor of 170 and 9719903?
17
Calculate the greatest common factor of 220887 and 3969.
81
Calculate the highest common divisor of 1890 and 183134574.
378
Calculate the highest common divisor of 48999771 and 9.
9
What is the greatest common factor of 77850 and 97800?
150
What is the highest common divisor of 6550 and 2228048?
262
What is the highest common factor of 4176042 and 37?
37
What is the greatest common factor of 60 and 57547830?
30
What is the highest common factor of 611712 and 19584?
1152
Calculate the greatest common divisor of 3647321 and 3363.
59
What is the highest common factor of 668116 and 1271119?
2831
What is the highest common divisor of 11285 and 7642690?
305
What is the highest common factor of 3268 and 96616?
4
Calculate the greatest common factor of 1494 and 1385413839.
747
Calculate the highest common divisor of 18935958 and 6.
6
Calculate the greatest common divisor of 24639 and 14395841.
43
What is the highest common factor of 270840402 and 37152?
2322
What is the highest common divisor of 190 and 309895?
5
What is the highest common factor of 576473980 and 1336?
668
What is the greatest common divis